{"id":37,"date":"2021-09-21T18:58:16","date_gmt":"2021-09-21T18:58:16","guid":{"rendered":"https:\/\/irvis.eu\/?page_id=37"},"modified":"2021-09-29T20:51:19","modified_gmt":"2021-09-29T20:51:19","slug":"home","status":"publish","type":"page","link":"https:\/\/irvis.eu\/","title":{"rendered":""},"content":{"rendered":"\n<blockquote class=\"wp-block-quote is-style-large is-layout-flow wp-block-quote-is-layout-flow\"><p><em>&#8230;Wir treiben alle auf demselben Planeten &#8211; wir sind die Besatzung desselben Schiffes.<\/em><\/p><cite><em>Antoine de Saint-Exup\u00e9ry<\/em><\/cite><\/blockquote>\n\n\n\n<hr class=\"wp-block-separator is-style-wide\"\/>\n\n\n\n<p align=\"justify\">Die Entwicklung der modernen Welt ist nicht m\u00f6glich, ohne sich mit den globalen Auswirkungen auf die Umwelt sowie damit verbundenen Problemen vertraut zu machen und Wege zu deren L\u00f6sung zu finden.&nbsp; In technologisch unterentwickelten L\u00e4ndern ist es gef\u00e4hrlich &nbsp;Wasser zu trinken, in technologisch entwickelten &#8211; Luft zu atmen.<\/p>\n\n\n\n<p align=\"justify\">In ihrem ungebremsten Streben nach technischem Fortschritt hat die Menschheit vergessen, dass \u201eK\u00e4mpfe\u201c gegen die Natur einen hohen Preis haben.&nbsp; Die Ressourcen des Planeten schienen endlos zu sein, und die seltenen Stimmen der Umweltsch\u00fctzer wurden stets vom Klingeln der M\u00fcnzen \u00fcbert\u00f6nt. In den letzten Jahren hat die Menschheit einen gro\u00dfen technologischen Durchbruch erlebt. Die Vorteile dessen lassen sich nicht leugnen. Es ist der Fortschritt, der es uns allen erm\u00f6glicht, komfortabel und modern zu leben. Zeitgleich mit dem Komfort, den er uns gebracht hat, hat er der Umwelt einen hohen Tribut abverlangt.<\/p>\n\n\n\n<p align=\"justify\">Industriegiganten auf der ganzen Welt verbrauchen weiterhin enorme Mengen an nat\u00fcrlichen Ressourcen, verschmutzen das Wasser, produzieren Hunderttausende von Tonnen Abfall und sto\u00dfen Tonnen von CO2 in die Atmosph\u00e4re aus. Infolgedessen reagiert die Natur mit Problemen, wie die globale Erw\u00e4rmung, D\u00fcrren, \u00dcberschwemmungen und das Aussterben der Artenvielfalt auf unserem Planeten. Diese sind Teil unserer Realit\u00e4t geworden.<\/p>\n\n\n\n<p align=\"justify\">Das Wahrnehmen dieser Ver\u00e4nderungen, animiert uns dazu nachzudenken, wie wir es beeinflussen k\u00f6nnen. Es ist unm\u00f6glich, die technologische Entwicklung aufzuhalten, aber es ist m\u00f6glich, die Einstellung zu ihr zu \u00e4ndern, und zwar nicht nur in der Gesellschaft, sondern auch bei den Haupttr\u00e4gern der neuen Technologien &#8211; den modernen Technologieunternehmen.<\/p>\n\n\n\n<p align=\"justify\">Die soziale Verantwortung der Unternehmen ist unser freiwilliger Beitrag zur Verbesserung der Umwelt. Es ist die Bereitschaft, Kosten f\u00fcr soziale Engagements und Aktivit\u00e4ten zur Erhaltung der Umwelt zu tragen, die darauf abzielen, die Auswirkungen der Unternehmenst\u00e4tigkeit oder anderer gesellschaftlicher Bereiche zu minimieren.<\/p>\n\n\n\n<p align=\"justify\">Heute ist die soziale Verantwortung der Unternehmen nicht mehr nur eine Option, sondern ein Ph\u00e4nomen, das in jedem Unternehmen zum Standard geh\u00f6ren sollte.<\/p>\n\n\n\n<p align=\"justify\">Wir, die IRVIS GmbH, sind ein modernes und dynamisches Unternehmen, das an der Entwicklung und Umsetzung innovativer und umweltfreundlicher Technologien in den Bereichen Energie, Bauwesen, Gewinnung von Bodensch\u00e4tzen und Umwandlung von festen und fl\u00fcssigen Industrie- und Siedlungsabf\u00e4llen in Energieressourcen arbeitet.<\/p>\n\n\n\n<p align=\"justify\">Wir sind eine Gruppe von gleichgesinnten Fachleuten aus vielen Bereichen der Wissenschaft und Industrie, die jedoch durch das gemeinsame Streben vereint sind, unseren Planeten zu verbessern. Jeder von uns ist bereit, Schritt f\u00fcr Schritt einen kleinen Beitrag zur Verbesserung der Umwelt zu leisten, um das wiederherzustellen, was in der Natur noch nicht unumkehrbar verloren gegangen ist! Nur wenn wir uns zusammentun, k\u00f6nnen wir unseren zerbrechlichen Frieden mit der Natur aufrechterhalten!<\/p>\n","protected":false},"excerpt":{"rendered":"<p>&#8230;Wir treiben alle auf demselben Planeten &#8211; wir sind die Besatzung desselben Schiffes. Antoine de Saint-Exup\u00e9ry Die Entwicklung der modernen Welt ist nicht m\u00f6glich, ohne sich mit den globalen Auswirkungen auf die Umwelt sowie damit verbundenen Problemen vertraut zu machen und Wege zu deren L\u00f6sung zu finden.&nbsp; In technologisch unterentwickelten L\u00e4ndern ist es gef\u00e4hrlich &nbsp;Wasser &hellip; <\/p>\n<p class=\"link-more\"><a href=\"https:\/\/irvis.eu\/\" class=\"more-link\"><span class=\"screen-reader-text\">\u201e\u201c <\/span>weiterlesen<\/a><\/p>\n","protected":false},"author":1,"featured_media":0,"parent":0,"menu_order":0,"comment_status":"closed","ping_status":"closed","template":"template-homepage.php","meta":{"_coblocks_attr":"","_coblocks_dimensions":"","_coblocks_responsive_height":"","_coblocks_accordion_ie_support":"","footnotes":""},"class_list":["post-37","page","type-page","status-publish","hentry"],"_links":{"self":[{"href":"https:\/\/irvis.eu\/index.php?rest_route=\/wp\/v2\/pages\/37","targetHints":{"allow":["GET"]}}],"collection":[{"href":"https:\/\/irvis.eu\/index.php?rest_route=\/wp\/v2\/pages"}],"about":[{"href":"https:\/\/irvis.eu\/index.php?rest_route=\/wp\/v2\/types\/page"}],"author":[{"embeddable":true,"href":"https:\/\/irvis.eu\/index.php?rest_route=\/wp\/v2\/users\/1"}],"replies":[{"embeddable":true,"href":"https:\/\/irvis.eu\/index.php?rest_route=%2Fwp%2Fv2%2Fcomments&post=37"}],"version-history":[{"count":12,"href":"https:\/\/irvis.eu\/index.php?rest_route=\/wp\/v2\/pages\/37\/revisions"}],"predecessor-version":[{"id":127,"href":"https:\/\/irvis.eu\/index.php?rest_route=\/wp\/v2\/pages\/37\/revisions\/127"}],"wp:attachment":[{"href":"https:\/\/irvis.eu\/index.php?rest_route=%2Fwp%2Fv2%2Fmedia&parent=37"}],"curies":[{"name":"wp","href":"https:\/\/api.w.org\/{rel}","templated":true}]}}